i = j - i - 18, 4*j - 40 = -4*i. Calculate the remainder when a is divided by j.
11
Suppose -910 = -250*i + 245*i. What is the remainder when i is divided by 11?
6
Suppose -4*y + 2*t + 86 = 4*t, -5*y = t - 106. Calculate the remainder when 202*(1*-2)/(-4) is divided by y.
17
What is the remainder when 196 is divided by 19 - 6 - (-15)/(4 - 1)?
16
What is the remainder when (-3)/9*(-69 - (0 + 3)) is divided by 9?
6
Let j be (-5 + 3)*(-2)/1. Suppose -2*a = -j*a + 12. Suppose 13 = q + a. Calculate the remainder when 26 is divided by q.
5
Suppose 4*p = -5*a + 331, 4*a = -4*p + 4 + 264. What is the remainder when a is divided by 23?
17
Let s(a) = -a**2 + 13*a + 13. Let d be s(14). Let v = 2 - d. Suppose -v*g = 3, -4*w - g + 61 = -2*g. Calculate the remainder when 44 is divided by w.
14
Suppose -3*u - 5*m + 43 = 0, 4*u - 2*m = -m + 19. Let v = u + 1. Suppose -2*o + 3*o + 4*z = -18, -5*o = 3*z + 5. What is the remainder when v is divided by o?
1
Let t(z) = 12*z - 2. Suppose q - 7 = -3*u + 24, 40 = 5*u + 4*q. Calculate the remainder when t(2) is divided by u.
10
Suppose 2*h + 5*n - 7 = -2, 45 = 2*h - 3*n. Calculate the remainder when 432 is divided by h.
12
Suppose -4*v = 7*v - 55. Suppose v*k + p = 6*p + 140, -3*p + 40 = k. Calculate the remainder when k is divided by 12.
7
Let k(w) = w + 20. Let i be k(-14). Let p be -4*i*3/(-24). Suppose 4*o - 5 = p. What is the remainder when 5 is divided by o?
1
Calculate the remainder when (2/(-5))/((-210)/68775) is divided by 34.
29
Suppose 3*y = 4*p + 53, 2*y + y = -4*p + 13. Suppose -4*c + 8 = 0, 5*r = -c - 196 + 513. Calculate the remainder when r is divided by y.
8
Let w = -17 + 165. Calculate the remainder when w is divided by 53.
42
Suppose -3*g + 0*g + 4*p = -75, -4*p = 12. Let v = -175 - -186. What is the remainder when g is divided by v?
10
Let s(u) = -5*u**2 - 21*u + 5. Let z be s(-7). Let a = z + 97. What is the remainder when 17 is divided by a?
1
Suppose -5*f = -2*w + 65, -109 = -5*w + 5*f + 31. Calculate the remainder when 194 is divided by w.
19
Suppose a + 60 = 6*a. Let h be -12 + 3/(a/16). Let l = 26 + h. What is the remainder when l is divided by 5?
3
Let w(y) = -2*y - 36. Let s be w(-15). Calculate the remainder when 1 is divided by 1*s/(-18) - 2/(-3).
0
Suppose 285 + 145 = 10*n. What is the remainder when 147 is divided by n?
18
Let w(j) = -12*j - 2. What is the remainder when 38 is divided by w(-1)?
8
Let w(p) = p**2 + 9*p - 1. Calculate the remainder when w(5) is divided by 15.
9
Let i = -161 + 172. Suppose -3*a + a - 24 = 0. Let l = -5 - a. What is the remainder when i is divided by l?
4
Let i = -17 - -29. Suppose -3*s + 100 - 1 = 0. Calculate the remainder when s is divided by i.
9
Let q(r) = 12*r**2 - 27*r + 108. What is the remainder when q(6) is divided by 36?
18
Calculate the remainder when 8 - 7 - (-145 - 2 - -2) is divided by 75.
71
Suppose 2*f - f = 356. Suppose -4*i + f = 48. What is the remainder when i is divided by 20?
17
Let z = 415 - 359. What is the remainder when z is divided by 22?
12
Suppose 5*u = 3*u - 32. Let f = 37 + u. Calculate the remainder when 80 is divided by f.
17
Suppose 18 - 8 = 5*l. Suppose -l*g + w + 95 = 0, 5*g - 2*w = -5*w + 232. Calculate the remainder when g is divided by 25.
22
Suppose 0 = 2*r - 3 - 3. Suppose -r*h + 3*o + 126 = 0, h = 2*h + o - 36. Calculate the remainder when h is divided by (3 + -6)*(0 - 1)*7.
18
Suppose 5*g - 5*z - 40 = 0, 0 = -9*g + 14*g + z - 70. What is the remainder when 181 is divided by g?
12
Let o = -439 - -458. Suppose -2*p = n - 2*n, -2*n = -2*p - 4. Calculate the remainder when o is divided by p/(-6) + 16/3.
4
Suppose 60 - 1471 = -22*w + 943. Let q = 97 - 43. What is the remainder when w is divided by q?
53
Suppose 0 = -0*w + 2*w - 1120. Calculate the remainder when 50/(-4)*w/(-100) is divided by 25.
20
Let j = 355 - 182. Suppose 2*s - j = 111. What is the remainder when s is divided by 29?
26
Let n(s) = 391*s + 66. Calculate the remainder when n(4) is divided by 24.
22
Let c(o) = 16*o + 172. What is the remainder when c(-4) is divided by 37?
34
Let j(h) = 2*h**3 - 14*h**2 + 3*h + 24. Calculate the remainder when 145 is divided by j(7).
10
Suppose -2967*y + 918 = -2950*y. Suppose 2*o = 2*v - 24, 0 = -3*o - o + 8. What is the remainder when y is divided by v?
12
Suppose -4*n - 60 = -4*a, -3*a + 29 + 23 = 4*n. Let i be a/(-6) + 1/(-3). Let d(v) = -v**3 + v**2 - v - 6. Calculate the remainder when 96 is divided by d(i).
30
Calculate the remainder when 100 is divided by -2*(-13 - (4 + (-15)/5)).
16
Suppose 22*h - 19*h = 18. What is the remainder when 8 is divided by h?
2
Let w = 71 - 25. Calculate the remainder when w is divided by 3.
1
Suppose -207 - 85 = -2*s. Let b = s - 98. Calculate the remainder when b is divided by 19.
10
Let r = -176 - -210. Calculate the remainder when 69 is divided by r.
1
Suppose -9*k + 2*k + 364 = 0. Let c = 64 - k. What is the remainder when 167 is divided by c?
11
Suppose 3 = 3*u - 2*c, 0*c = 3*u - 3*c. Let x = 17 + u. What is the remainder when x is divided by 12?
8
Let b = 1628 - 1572. Calculate the remainder when 165 is divided by b.
53
Suppose 49*s - 46*s = 84. What is the remainder when s is divided by 17?
11
Let w(t) = -1 - 3*t**2 - 15*t - 6 + 2*t**2. Let l be w(-6). Suppose 3*u - 38 = -2*p, 3*p - u + 3*u = l. Calculate the remainder when p is divided by 5.
3
Suppose 20 = -5*j, z = -2*z + 3*j + 60. Let s(b) = b**3 - 16*b**2 + 3*b - 36. What is the remainder when -1 + (0 + -1 - -48) is divided by s(z)?
10
Let v(n) = n**3 - 8*n**2 + 2*n - 4. Let t be v(7). Let g = 57 + t. What is the remainder when 63 is divided by g?
9
Let i = -15 - -27. Let f(r) = r**2 - 5*r + 4. Let a be f(4). Suppose -16*l + i*l + 40 = a. What is the remainder when 19 is divided by l?
9
Let t(b) = b - 2. Let q be t(5). Let c be (1/q)/((-2)/(-30)). Suppose 60 = c*r - 80. Calculate the remainder when r is divided by 10.
8
Let d = 8 - 5. Suppose -4*i - 5*l = -60, 23 = 5*i - l - 52. What is the remainder when ((-6)/d - -42) + 2 is divided by i?
12
Let r = 29 - 27. Suppose 0 = -2*i - r*j + 46, i + 4 = -2*j + 26. Let m = i - 18. Calculate the remainder when 8 is divided by m.
2
Let z = 30 + -22. Suppose -9*j + z*j + 31 = 0. What is the remainder when 121 is divided by j?
28
Suppose 0*w + 5*w = -2*g - 240, 0 = 2*g + 10. Let y = w + 64. Suppose -7*p - y = -9*p. What is the remainder when p is divided by 5?
4
Calculate the remainder when 178 is divided by (-12)/(-6) - (-202 - 6)/4.
16
Suppose 716 = z + z. Calculate the remainder when z is divided by 174.
10
Let c(z) = z**2 - 12*z + 11. Let d be c(11). Suppose d = -q + 2*s + 20, 0*q = 2*q + 3*s - 33. Let v = q - 6. What is the remainder when v is divided by 7?
5
Let c = -520 - -64. Let q = c + 645. What is the remainder when q is divided by 12?
9
Let b be ((-4)/8 + 0)*-12. Let x = b - -1. Calculate the remainder when 17 is divided by x.
3
Suppose 6*y - 155 = 2209. Calculate the remainder when y is divided by 9.
7
Let l(i) = -i - 38. Let a(d) = d + 57. Let t(n) = 5*a(n) + 8*l(n). What is the remainder when t(-23) is divided by 13?
11
Suppose -2*t + 18 = -14*c + 8*c, 2*c - 2 = -2*t. What is the remainder when 32 is divided by t?
2
Suppose -2*l + 58 = -248. What is the remainder when l is divided by 39?
36
Let u(x) = x**3 + 11*x**2 - 15*x + 23. Let z be u(-12). Suppose 2*v - z = -5*f + 60, -2*v + 3*f + 143 = 0. Calculate the remainder when v is divided by 36.
31
Suppose -2*s + 184 = 104. What is the remainder when s is divided by 9?
4
Let l be 84 - (-2)/(-2)*-1. Let r = -46 + l. Suppose -3*m = -r + 9. What is the remainder when 27 is divided by m?
7
Suppose 336*f + 87 = 339*f. Calculate the remainder when 87 is divided by f.
0
Let r = -111 + 117. What is the remainder when 23*3*(3 + (-40)/15) is divided by r?
5
Calculate the remainder when 18/(-1 + 4 + (-1106)/378) is divided by 42.
33
Let w(l) = l**2 + 2*l. Let o be w(-3). Suppose -o*u + t = -4*u + 3, -2*u + 4 = 4*t. What is the remainder when u is divided by 1?
0
Suppose 0 = -z - 4*y + 59, -3*z + 8*y + 160 = 3*y. Calculate the remainder when z is divided by 64/40*70/4.
27
Suppose 1719 = -6*d + 1767. What is the remainder when d is divided by 7?
1
Let j(p) = 9*p**3 - 5*p**2 + 5*p + 4. Calculate the remainder when 197 is divided 